{"id":364,"date":"2025-11-06T11:37:24","date_gmt":"2025-11-06T11:37:24","guid":{"rendered":"https:\/\/novo-site.obrasonline.com.br\/?page_id=364"},"modified":"2025-11-13T13:05:44","modified_gmt":"2025-11-13T13:05:44","slug":"obras-online","status":"publish","type":"page","link":"https:\/\/novo-site.obrasonline.com.br\/index.php\/obras-online\/","title":{"rendered":"Obras Online"},"content":{"rendered":"<section class=\"l-section wpb_row us_custom_9e63129d height_medium\"><div class=\"l-section-h i-cf\"><div class=\"g-cols vc_row via_flex valign_top type_default stacking_default\"><div class=\"vc_col-sm-12 wpb_column vc_column_container\"><div class=\"vc_column-inner\"><div class=\"wpb_wrapper\"><div class=\"wpb_text_column us_custom_6df4bc3a has_text_color\"><div class=\"wpb_wrapper\"><h1>Obras Online<\/h1>\n<\/div><\/div><\/div><\/div><\/div><\/div><\/div><\/section><section class=\"l-section wpb_row height_auto\"><div class=\"l-section-h i-cf\"><div class=\"g-cols vc_row via_flex valign_top type_default stacking_default\"><div class=\"vc_col-sm-12 wpb_column vc_column_container\"><div class=\"vc_column-inner\"><div class=\"wpb_wrapper\"><div class=\"w-separator size_custom\" style=\"height:10px\"><\/div><\/div><\/div><\/div><\/div><\/div><\/section><section class=\"l-section wpb_row us_custom_ec378b7e has_text_color height_medium\"><div class=\"l-section-h i-cf\"><div class=\"g-cols vc_row via_flex valign_top type_default stacking_default\"><div class=\"vc_col-sm-12 wpb_column vc_column_container\"><div class=\"vc_column-inner\"><div class=\"wpb_wrapper\"><div class=\"wpb_text_column us_custom_c4152656\"><div class=\"wpb_wrapper\"><h2>Como fazemos<\/h2>\n<\/div><\/div><div class=\"wpb_text_column\"><div class=\"wpb_wrapper\"><p>Nosso processo envolve a coleta, tratamento e contextualiza\u00e7\u00e3o de dados, transformando-os em informa\u00e7\u00f5es estruturadas e acion\u00e1veis, disponibilizadas no ConstruTarget CRM, plataforma de acesso via login e senha. Com isso, o usu\u00e1rio pode identificar e acompanhar oportunidades em andamento, otimizando suas vendas com ofertas de alto valor, no momento certo, para o p\u00fablico certo, direcionando os esfor\u00e7os comerciais para o verdadeiro target da empresa.<\/p>\n<p>Al\u00e9m disso, o ConstruTarget CRM plataforma integrada \u00e0 intelig\u00eancia de mercado Obras Online, oferece recursos de gest\u00e3o comercial (CRM), Business Intelligence (BI) e Georreferenciamento, permitindo avaliar \u201czonas de calor\u201d e medir o potencial de atua\u00e7\u00e3o por regi\u00e3o.<\/p>\n<p>Em nossa plataforma, ConstruTarget \u2013 CRM, voc\u00ea define fluxos de jornadas para prospec\u00e7\u00f5es focadas no seu ICP (Ideal Customer Profile), do lead ao fechamento, com informa\u00e7\u00f5es e metodologias \u00e1geis de gest\u00e3o de funil, para o aumento das vendas.<\/p>\n<\/div><\/div><div class=\"wpb_text_column us_custom_89712ffd\"><div class=\"wpb_wrapper\"><h2>Integra\u00e7\u00e3o com ferramentas j\u00e1 existentes<\/h2>\n<\/div><\/div><div class=\"wpb_text_column\"><div class=\"wpb_wrapper\"><p>Para empresas que j\u00e1 utilizam sistemas de BI ou CRM, viabilizamos a integra\u00e7\u00e3o nativa da nossa intelig\u00eancia com essas plataformas, garantindo acesso continuado e atualizado \u00e0s informa\u00e7\u00f5es da Obras Online, dentro do ambiente corporativo escolhido pela empresa.<\/p>\n<\/div><\/div><div class=\"wpb_text_column us_custom_89712ffd\"><div class=\"wpb_wrapper\"><h2>Com nossa plataforma, voc\u00ea ter\u00e1:<\/h2>\n<\/div><\/div><div class=\"wpb_text_column\"><div class=\"wpb_wrapper\"><ul>\n<li>Prospec\u00e7\u00e3o Eficiente: Informa\u00e7\u00f5es atualizadas sobre obras e projetos em andamento em todo o Brasil, com cronogramas, empresas envolvidas e contatos essenciais.<\/li>\n<li>Vendas mais r\u00e1pidas: A pr\u00e9-qualifica\u00e7\u00e3o se torna \u00e1gil e efetiva, permitindo que voc\u00ea identifique os decisores e acelere o ciclo de vendas.<\/li>\n<li>Parceria Estrat\u00e9gica: Nossos consultores especializados oferecem um acompanhamento completo para aprimorar seu processo comercial.<\/li>\n<\/ul>\n<\/div><\/div><\/div><\/div><\/div><\/div><\/div><\/section>\n","protected":false},"excerpt":{"rendered":"Obras Online Como fazemos Nosso processo envolve a coleta, tratamento e contextualiza\u00e7\u00e3o de dados, transformando-os em informa\u00e7\u00f5es estruturadas e acion\u00e1veis, disponibilizadas no ConstruTarget CRM, plataforma de acesso via login e senha. Com isso, o usu\u00e1rio pode identificar e acompanhar oportunidades em andamento, otimizando suas vendas com ofertas de alto valor, no momento certo, para o...","protected":false},"author":2,"featured_media":0,"parent":0,"menu_order":0,"comment_status":"closed","ping_status":"closed","template":"","meta":{"footnotes":""},"class_list":["post-364","page","type-page","status-publish","hentry"],"_links":{"self":[{"href":"https:\/\/novo-site.obrasonline.com.br\/index.php\/wp-json\/wp\/v2\/pages\/364","targetHints":{"allow":["GET"]}}],"collection":[{"href":"https:\/\/novo-site.obrasonline.com.br\/index.php\/wp-json\/wp\/v2\/pages"}],"about":[{"href":"https:\/\/novo-site.obrasonline.com.br\/index.php\/wp-json\/wp\/v2\/types\/page"}],"author":[{"embeddable":true,"href":"https:\/\/novo-site.obrasonline.com.br\/index.php\/wp-json\/wp\/v2\/users\/2"}],"replies":[{"embeddable":true,"href":"https:\/\/novo-site.obrasonline.com.br\/index.php\/wp-json\/wp\/v2\/comments?post=364"}],"version-history":[{"count":11,"href":"https:\/\/novo-site.obrasonline.com.br\/index.php\/wp-json\/wp\/v2\/pages\/364\/revisions"}],"predecessor-version":[{"id":615,"href":"https:\/\/novo-site.obrasonline.com.br\/index.php\/wp-json\/wp\/v2\/pages\/364\/revisions\/615"}],"wp:attachment":[{"href":"https:\/\/novo-site.obrasonline.com.br\/index.php\/wp-json\/wp\/v2\/media?parent=364"}],"curies":[{"name":"wp","href":"https:\/\/api.w.org\/{rel}","templated":true}]}}