{"id":37,"date":"2025-10-27T11:36:20","date_gmt":"2025-10-27T11:36:20","guid":{"rendered":"https:\/\/novo-site.obrasonline.com.br\/?page_id=37"},"modified":"2025-11-17T13:23:19","modified_gmt":"2025-11-17T13:23:19","slug":"quem-somos","status":"publish","type":"page","link":"https:\/\/novo-site.obrasonline.com.br\/index.php\/quem-somos\/","title":{"rendered":"Quem somos"},"content":{"rendered":"<section class=\"l-section wpb_row us_custom_7faae64b height_medium\"><div class=\"l-section-h i-cf\"><div class=\"g-cols vc_row via_flex valign_top type_default stacking_default\"><div class=\"vc_col-sm-12 wpb_column vc_column_container\"><div class=\"vc_column-inner\"><div class=\"wpb_wrapper\"><div class=\"wpb_text_column us_custom_6df4bc3a has_text_color\"><div class=\"wpb_wrapper\"><h1>Quem somos<\/h1>\n<\/div><\/div><\/div><\/div><\/div><\/div><\/div><\/section><section class=\"l-section wpb_row height_auto\"><div class=\"l-section-h i-cf\"><div class=\"g-cols vc_row via_flex valign_top type_default stacking_default\"><div class=\"vc_col-sm-12 wpb_column vc_column_container\"><div class=\"vc_column-inner\"><div class=\"wpb_wrapper\"><div class=\"w-separator size_custom\" style=\"height:10px\"><\/div><\/div><\/div><\/div><\/div><\/div><\/section><section class=\"l-section wpb_row us_custom_ec378b7e has_text_color height_medium\"><div class=\"l-section-h i-cf\"><div class=\"g-cols vc_row via_flex valign_top type_default stacking_default\"><div class=\"vc_col-sm-12 wpb_column vc_column_container\"><div class=\"vc_column-inner\"><div class=\"wpb_wrapper\"><div class=\"wpb_text_column\"><div class=\"wpb_wrapper\"><p>A <strong>Obras Online<\/strong> \u00e9 uma empresa de intelig\u00eancia comercial especializada no setor da constru\u00e7\u00e3o. Desde 2001, mapeamos e monitoramos informa\u00e7\u00f5es de cronogramas, projetos e obras de m\u00e9dio e grande porte em todo o Brasil, abrangendo os segmentos Imobili\u00e1rio, Industrial e de Infraestrutura.<\/p>\n<p>Combinamos engenharia de dados, intelig\u00eancia artificial e aprendizado de m\u00e1quina a um processo de valida\u00e7\u00e3o humana rigoroso, garantindo precis\u00e3o e relev\u00e2ncia nas informa\u00e7\u00f5es coletadas. Dessa forma, identificamos e atualizamos continuamente dados de cronogramas, tipos de obras, influenciadores e tomadores de decis\u00e3o, que atuam como investidores, construtores, engenharias, montadores industriais, escrit\u00f3rios de projeto e arquitetura.<\/p>\n<p>A Obras Online ajuda empresas a superar o desafio de identificar novas oportunidades no mercado da constru\u00e7\u00e3o. Entregamos leads qualificados e dados enriquecidos, permitindo que sua equipe comercial concentre esfor\u00e7os no que realmente importa: gerar neg\u00f3cios e vender mais.<\/p>\n<\/div><\/div><div class=\"wpb_text_column us_custom_89712ffd\"><div class=\"wpb_wrapper\"><h3>Reconhecimento Acad\u00eamico e Refer\u00eancia Internacional<\/h3>\n<\/div><\/div><div class=\"wpb_text_column\"><div class=\"wpb_wrapper\"><p>A confian\u00e7a conquistada pela qualidade, consist\u00eancia e profundidade das informa\u00e7\u00f5es da Obras Online vai al\u00e9m do mercado e j\u00e1 foi reconhecida como fonte oficial para estudos acad\u00eamicos em institui\u00e7\u00f5es de alto n\u00edvel.<\/p>\n<p>Empresas nacionais e multinacionais reconhecem nosso trabalho, atestando a qualidade com NPS (Net Promoter Score) de 8 e 9\/10. Nossos dados e metodologias j\u00e1 foram utilizados em teses de Mestrado e Doutorado (ver Repositorio.ufmg.br), consolidando nossa reputa\u00e7\u00e3o como base s\u00f3lida para an\u00e1lises estrat\u00e9gicas.<\/p>\n<p>Em agosto de 2025, a Obras Online foi selecionada entre os players do mercado nacional como fonte prim\u00e1ria de dados, em um estudo sobre o setor da constru\u00e7\u00e3o na Am\u00e9rica Latina, tendo o Brasil como protagonista, que ser\u00e1 conduzido por pesquisadores das Universidades de Harvard e Johns Hopkins, a servi\u00e7o do BID (Banco Interamericano de Desenvolvimento) e FMI (Fundo Monet\u00e1rio Internacional).<\/p>\n<p>Esse estudo, ser\u00e1 refer\u00eancia para pol\u00edticas econ\u00f4micas e urban\u00edsticas nos pr\u00f3ximos anos, com resultados publicados em conceituadas revistas acad\u00eamicas, de Economia, Finan\u00e7as, e Real Estate, ao redor do mundo at\u00e9 2030. Reconhecimento que comprova que, quem trabalha com a Obras Online tem acesso as mesmas informa\u00e7\u00f5es utlilzadas por l\u00edderes globais, universidades de prest\u00edgio e institui\u00e7\u00f5es internacionais.<\/p>\n<p>Inter-American Development Bank: Terms and Conditions Issued by Research Department: This task order is issued pursuant to the provisions under IDB \u2013 Inter-American Development Bank Contract No. M0006-23 and Statement of Work (SOW).<\/p>\n<\/div><\/div><div class=\"wpb_text_column us_custom_89712ffd\"><div class=\"wpb_wrapper\"><h3>Nossas principais propostas de valor<\/h3>\n<\/div><\/div><div class=\"wpb_text_column\"><div class=\"wpb_wrapper\"><p>A automa\u00e7\u00e3o e a amplia\u00e7\u00e3o da vis\u00e3o de mercado, aliadas \u00e0 an\u00e1lise preditiva e \u00e0 gest\u00e3o das m\u00e9tricas comerciais, fortalecem a atua\u00e7\u00e3o t\u00e1tica e estrat\u00e9gica de vendas e marketing. Dessa forma, nossos clientes aumentam a assertividade no mapeamento de cen\u00e1rios, identificam oportunidades com maior precis\u00e3o e mitigam riscos de forma eficaz, contando com insights que antecipam movimentos do mercado e orientam decis\u00f5es mais seguras.<\/p>\n<\/div><\/div><\/div><\/div><\/div><\/div><\/div><\/section>\n","protected":false},"excerpt":{"rendered":"Quem somos A Obras Online \u00e9 uma empresa de intelig\u00eancia comercial especializada no setor da constru\u00e7\u00e3o. Desde 2001, mapeamos e monitoramos informa\u00e7\u00f5es de cronogramas, projetos e obras de m\u00e9dio e grande porte em todo o Brasil, abrangendo os segmentos Imobili\u00e1rio, Industrial e de Infraestrutura. Combinamos engenharia de dados, intelig\u00eancia artificial e aprendizado de m\u00e1quina a...","protected":false},"author":2,"featured_media":0,"parent":0,"menu_order":0,"comment_status":"closed","ping_status":"closed","template":"","meta":{"footnotes":""},"class_list":["post-37","page","type-page","status-publish","hentry"],"_links":{"self":[{"href":"https:\/\/novo-site.obrasonline.com.br\/index.php\/wp-json\/wp\/v2\/pages\/37","targetHints":{"allow":["GET"]}}],"collection":[{"href":"https:\/\/novo-site.obrasonline.com.br\/index.php\/wp-json\/wp\/v2\/pages"}],"about":[{"href":"https:\/\/novo-site.obrasonline.com.br\/index.php\/wp-json\/wp\/v2\/types\/page"}],"author":[{"embeddable":true,"href":"https:\/\/novo-site.obrasonline.com.br\/index.php\/wp-json\/wp\/v2\/users\/2"}],"replies":[{"embeddable":true,"href":"https:\/\/novo-site.obrasonline.com.br\/index.php\/wp-json\/wp\/v2\/comments?post=37"}],"version-history":[{"count":14,"href":"https:\/\/novo-site.obrasonline.com.br\/index.php\/wp-json\/wp\/v2\/pages\/37\/revisions"}],"predecessor-version":[{"id":671,"href":"https:\/\/novo-site.obrasonline.com.br\/index.php\/wp-json\/wp\/v2\/pages\/37\/revisions\/671"}],"wp:attachment":[{"href":"https:\/\/novo-site.obrasonline.com.br\/index.php\/wp-json\/wp\/v2\/media?parent=37"}],"curies":[{"name":"wp","href":"https:\/\/api.w.org\/{rel}","templated":true}]}}